 - 964?
-4086
In base 11, what is 54 - -73854?
738a8
In base 13, what is 6 - -44159a55?
44159a5b
In base 14, what is -712 + 6bc94?
6b582
In base 9, what is 201486 + 7?
201504
In base 6, what is -4 + -1352341103?
-1352341111
In base 15, what is -e8 - 4dcb0?
-4dda8
In base 13, what is 1412c95 - 0?
1412c95
In base 15, what is -5e - 31ae5?
-31b54
In base 8, what is -107402 - 11260?
-120662
In base 10, what is -27514 + -721?
-28235
In base 4, what is 102103231232 + -1?
102103231231
In base 7, what is -5056 + -14311?
-22400
In base 6, what is 40312 + 322154?
402510
In base 2, what is -111001100010000110110 - -110?
-111001100010000110000
In base 15, what is -3 - 1695611?
-1695614
In base 11, what is 5647 + 76a86?
81622
In base 13, what is -1 + -1120907a?
-1120907b
In base 10, what is -42 - -107265?
107223
In base 15, what is 72493d - 27?
724916
In base 15, what is -a520 + 249?
-a2c6
In base 10, what is 113617847 + 16?
113617863
In base 11, what is -5430a + 129?
-54191
In base 6, what is 51452 + -125210?
-33314
In base 12, what is 4 + 40b01b75?
40b01b79
In base 12, what is -26 - -83a96?
83a70
In base 16, what is -3 - -b05b1c?
b05b19
In base 3, what is 1112121121211012 - -12?
1112121121211101
In base 15, what is -7d0e - 87?
-7d96
In base 3, what is -2 + 10102210022012?
10102210022010
In base 12, what is 872b + -220?
850b
In base 11, what is 37 + 5a3651?
5a3688
In base 10, what is -1267 - 57364?
-58631
In base 16, what is -457f78c - -5?
-457f787
In base 7, what is 226532 + 530?
230362
In base 12, what is 327277 + -9?
32726a
In base 15, what is 5a026c9 - 3?
5a026c6
In base 7, what is -2 + 46104666?
46104664
In base 4, what is 11211111 - -10202?
11221313
In base 11, what is 10644 + -1613?
a031
In base 7, what is -1443656 - 0?
-1443656
In base 2, what is -1011011011 - -1010010001000110?
1010000101101011
In base 8, what is 0 - 24167055?
-24167055
In base 4, what is -3212112231223 - 10?
-3212112231233
In base 9, what is 110210834 - 1?
110210833
In base 4, what is 2311210120 + 31?
2311210211
In base 4, what is -101211 + -22010032?
-22111303
In base 8, what is -2 - -14251353?
14251351
In base 10, what is -945 - -254620?
253675
In base 12, what is 21539 - 3505?
1a034
In base 8, what is -210511 - 25163?
-235674
In base 16, what is -11d1e18 + -5?
-11d1e1d
In base 3, what is -2122011111210120001 - -10?
-2122011111210112221
In base 10, what is 1355 - -7086?
8441
In base 2, what is 10101111110001000100 - -11011?
10101111110001011111
In base 6, what is -44052 + 3504?
-40144
In base 5, what is -4 - 1110344241?
-1110344300
In base 13, what is -600 + 4681?
4081
In base 7, what is 12023444 + -14?
12023430
In base 13, what is -2 - 88bb27a?
-88bb27c
In base 9, what is 5 - -2614655?
2614661
In base 16, what is -26 - -4251?
422b
In base 8, what is -20 - 42510130?
-42510150
In base 10, what is -12 + -361785?
-361797
In base 8, what is -75157346 - -1?
-75157345
In base 7, what is 16452406 - 1630?
16450446
In base 9, what is -7 + 12414518?
12414511
In base 12, what is -4 - 3839b81?
-3839b85
In base 13, what is 899a + 188c?
a559
In base 13, what is 32596251 + 4?
32596255
In base 14, what is 766473 + 2?
766475
In base 6, what is 1245505 + -242?
1245223
In base 13, what is 1714b6a - 0?
1714b6a
In base 3, what is -201122220120 + 101?
-201122220012
In base 15, what is 10abce + -5b?
10ab73
In base 16, what is -192 - 8df0?
-8f82
In base 15, what is 0 - 527dc?
-527dc
In base 7, what is -525352 + -20200?
-545552
In base 4, what is 1020322022 - 111?
1020321311
In base 8, what is -75174 - 2072?
-77266
In base 12, what is -233421 - 82?
-2334a3
In base 15, what is 41561 - 2c?
41534
In base 12, what is 19 + -4704145?
-4704128
In base 10, what is 143186 + -8?
143178
In base 16, what is -32 + 8752c?
874fa
In base 16, what is 19 + -373d0f?
-373cf6
In base 4, what is 21132 - 110132332?
-110111200
In base 4, what is -123 - -121300023?
121233300
In base 9, what is -16 + 85117?
85101
In base 15, what is 6270 - -bb?
633b
In base 16, what is 3 + 4f0c6a?
4f0c6d
In base 16, what is -71e3 + -251?
-7434
In base 13, what is -1250b - -a81?
-1175a
In base 15, what is -9d556 - -3c?
-9d519
In base 13, what is 1 - 10ca91c7?
-10ca91c6
In base 10, what is -1180 - -1543?
363
In base 5, what is 31 + -3004123410?
-3004123324
In base 12, what is 82147 + -33?
82114
In base 12, what is 9961b + 9?
99628
In base 13, what is 19 + 100419b?
10041b7
In base 4, what is 1312 - -1003313112?
1003321030
In base 5, what is 13402 + 1200100?
1214002
In base 7, what is 0 - 654522323?
-654522323
In base 13, what is -32 + a61487?
a61455
In base 15, what is -1823d + 36a?
-17dc3
In base 2, what is 10 - -10010111110101101101111010100?
10010111110101101101111010110
In base 7, what is 25345022 + -416?
25344303
In base 4, what is 3 - 202033113303?
-202033113300
In base 6, what is 353315210 - -3?
353315213
In base 10, what is 1015 + -22852?
-21837
In base 8, what is 33 - 151767?
-151734
In base 2, what is -10100001101100000010010110000 - 100?
-10100001101100000010010110100
In base 15, what is 1982 - -5a5?
2037
In base 16, what is -4 + 25ae673?
25ae66f
In base 11, what is 135a24a8 + 6?
135a2503
In base 13, what is 10 + 473311?
473321
In base 10, what is -29302 - -24?
-29278
In base 14, what is a + 116912?
11691c
In base 16, what is 216ccd - -2?
216ccf
In base 4, what is -11 + 31100233312?
31100233301
In base 9, what is -7865707 + 377?
-7865320
In base 2, what is -110011110010100 + -10111110?
-110100001010010
In base 11, what is -a607 + -31360?
-40967
In base 10, what is 4 + -31024192?
-31024188
In base 15, what is -a37 - 8648?
-9180
In base 2, what is -1101111 - 1100101100000111?
-1100101101110110
In base 7, what is 544206 - -1132?
545341
In base 6, what is -22442 + -244?
-23130
In base 15, what is b47c - 12?
b46a
In base 12, what is 30 - 145b08?
-145a98
In base 16, what is 3164 + -11a?
304a
In base 4, what is 120110110 - -110212?
120220322
In base 4, what is -30003332 + -31213?
-30101211
In base 12, what is -4646ab - 27?
-464716
In base 6, what is 2 - 5531454510?
-5531454504
In base 3, what is 10101020112212220 + 1?
10101020112212221
In base 4, what is 1 - -10010033122?
10010033123
In base 3, what is -1002021210021 - 11?
-1002021210102
In base 11, what is 16 + -11721a4a?
-11721a34
In base 2, what is -101111000011100100001000 - 10?
-101111000011100100001010
In base 8, what is -2 - 200424461?
-200424463
In base 4, what is -3103311310 - 1301?
-3103313211
In base 11, what is a4064aa - 1?
a4064a9
In base 2, what is 10100110011010010110011 + 10?
10100110011010010110101
In base 7, what is 204613141 + -11?
204613130
In base 11, what is 3 - 3283a20?
-3283a18
In base 11, what is -4 + 1870310?
1870307
In base 15, what is -2008 - -8966?
695d
In base 2, what is -100 - -110110101011100001010001?
110110101011100001001101
In base 7, what is 12305 + -101131?
-55523
In base 8, what is -10 - 642102?
-642112
In base 7, what is -6 - 4361610?
-4361616
In base 7, what is 2505 + 45456?
51264
In base 14, what is a2a1d + -208?
a2815
In base 10, what is -6994001 + -6?
-6994007
In base 15, what is -b1234e - 8?
-b12357
In base 2, what is 10100110011 + -10010010010101011?
-10001111101111000
In base 9, what is 204 - -4111808?
4112113
In base 2, what is 1101101010101010100100001001 + 100?
1101101010101010100100001101
In base 14, what is -3aa - 65a2?
-696c
In base 12, what is -52 - -1067?
1015
In base 13, what is -5 - -3a16016?
3a16011
In base 13, what is 20b293 + -a?
20b286
In base 14, what is 1 - 423992?
-423991
In base 15, what is -475b1770 - -3?
-475b176c
In base 13, what is aca485c - -4?
aca4863
In base 16, what is 17 + 173b?
1752
In base 9, what is -385 - 3348686?
-3350182
In base 14, what is 1b0a - -56?
1b62
In base 10, what is 4849 - 1041?
3808
In base 5, what is 434 + -1323032220?
-1323031231
In base 16, what is d3555 + -5?
d3550
In base 5, what is -401310420244 - -10?
-401310420234
In base 7, what is 0 - 42443044?
-42443044
In base 10, what is -232827 + -33?
-232860
In base 11, what is -811554a + -15?
-8115564
In base 10, what is -7890298 + -5?
-7890303
In base 14, what is -76654a + -3?
-76654d
In base 7, what is 133451 - 1002?
132446
In base 5, what is 1233 - 1304341?
-1303103
In base 14, what is 18a - -5dd2b2?
5dd45c
In base 12, what is -13136 + 10ab?
-1204